 23 = 5*g, 0 = -z - 3*g + 1 + 10. Is (2 - (-5762)/3) + z/6 a prime number?
False
Let p(u) = 3*u**3 - 4*u**2 + 2*u + 1. Let j be p(2). Let l be (22/(-8))/(j/(-676)). Let i = -28 + l. Is i a prime number?
False
Suppose 5887 = 2096*s - 2089*s. Is s prime?
False
Let x = -63 + 36. Let j = x + 19. Let t(u) = u**2 - 12*u - 11. Is t(j) a composite number?
False
Let p(f) = 23*f**3 + 6*f**2 - 5*f + 6. Let w be p(4). Let h = w + 474. Is 2/10 + h/10 composite?
True
Let l(s) = -2 - 1 - 2*s - 2*s + s. Let h be l(-2). Suppose 92 = h*t - 697. Is t prime?
True
Let f(a) = 15*a**2 - 3*a + 3. Let y(i) = 11*i - i**2 - 3 - 2*i - 3*i. Let b be y(5). Is f(b) a prime number?
False
Is (-3 - -8)*(-43390)/(-50) a prime number?
True
Suppose 4*s = -5*y + 214105, 0 = 2*y + 8*s - 9*s - 85629. Is y a prime number?
False
Let u be ((-10)/4 - -3)*6170. Let f = u + -2148. Is f a prime number?
True
Let s(r) = -20*r**3 + 7*r**2 - 25. Is s(-6) a prime number?
True
Suppose 233*h = 224*h + 160371. Is h a composite number?
True
Suppose 0 = -2*i - o + 53, -63 = i - 4*i + 4*o. Let z(h) = -11 - h**2 + 0 + i*h - 10*h + 5*h. Is z(12) a composite number?
True
Let y(w) = 4*w**2 + w - 1. Let k(h) = -h**2 + h - 1. Let n(f) = 5*k(f) + y(f). Let s be n(5). Is 0 - s - (-34)/1 a prime number?
False
Suppose 0 = -6*q + 16*q - 21490. Suppose 14*g = 7*g + q. Is g a prime number?
True
Let i(t) = 97*t**3 - 3*t**2 + 2*t + 3. Let p(s) = -292*s**3 + 8*s**2 - 6*s - 8. Let b(f) = 11*i(f) + 4*p(f). Is b(-2) prime?
True
Suppose -9 = -9*i + 6*i. Suppose 0 = 2*y - 2*r - 956, -3*y + 8*y = i*r + 2396. Is y composite?
True
Suppose -4*a = -f - 23, 0*f = 5*f - 25. Let y be (-101)/(-2) - (-1)/(-2). Suppose 2*c - 40 = -5*g + a*c, -4*g = 2*c - y. Is g a prime number?
True
Suppose 2*c - 14 = -4*u, -2*u + u + 1 = 3*c. Suppose -q = 3*m - 2960, 2*m - 1995 = -q - u*q. Is m prime?
False
Let n = 12 + -8. Suppose -5*o = -25, n*o = -0*d + 3*d - 361. Is d a composite number?
False
Let q(j) = 51*j. Let i be q(-4). Let a = i + 419. Is a prime?
False
Let q = 10 + -9. Let v be (-509)/(q*(-2 - -1)). Suppose -v = -2*b - 3*z, -z + 56 = 3*b - 725. Is b prime?
False
Let f(z) = 4*z - 34. Let m be f(10). Is m/4 - (-12642)/12 a composite number?
True
Let y(w) = -165*w + 22. Let d be y(-12). Let u = d - 1388. Is u composite?
True
Let d(t) = -3*t + 8. Let m be d(3). Is 5164/2 + (m - 2) a prime number?
True
Let z(t) = -t**3 - 8*t**2 + t + 7. Let k be z(-8). Is k + 1 + (67 - (-8 - -4)) a composite number?
False
Suppose 3*k = 3*g + k - 63847, 85120 = 4*g + 2*k. Is g composite?
True
Let x(b) = -6 - 42*b + 7*b + 4. Let y be x(-2). Let u = -47 + y. Is u prime?
False
Let y(k) = -k**3 + 26*k**2 - 23*k + 31. Let u be y(23). Let m = -415 + u. Is m a prime number?
False
Suppose -3 = d, -s = 2*d - 1684 - 597. Is s composite?
False
Suppose -10 + 26 = -4*v. Let c be (-6)/v - 18/12. Is c + 12/(-3) + 207 a composite number?
True
Let k be ((-40)/(-12))/(-10) + 395/(-3). Let p = 194 + k. Is p a composite number?
True
Let p(x) = 3*x**2 - x + 3. Suppose 4*f = 4*d - 28, d = 3*d - f - 11. Let r be p(d). Let a = 32 + r. Is a composite?
False
Is (-12516)/(-56)*74/3 composite?
True
Let y be (4 - 4)/1 - (-1 - -1). Suppose 2*v = -4*r - y*r + 898, 446 = v + r. Is v a prime number?
True
Suppose -38505 = -5*l - 5*t, -l - 4*t + 7681 = -8*t. Is l a prime number?
False
Let k = 18 + -13. Suppose 0*z = k*z - 30. Suppose 4*o - z*o = -30. Is o a composite number?
True
Let x = 5 + -69. Let w be 74/(-6) + (-52)/(-39). Let g = w - x. Is g a prime number?
True
Let a(z) = -z + 4. Let d be a(2). Let k be 2416/96 + d/(-12). Let b = k - -57. Is b a composite number?
True
Let i be 20/35 + 3/7. Is (80 - -47) + (1/i - 1) a composite number?
False
Suppose -11*b + 554 = -61475. Is b a prime number?
True
Let p(r) = 8*r**3 + 5*r**2 + 13*r + 7. Is p(10) a composite number?
True
Let c = 133170 + -67261. Is c composite?
True
Let j be (-6)/(-3) + 2*2. Suppose -2634 + 6420 = j*a. Is a composite?
False
Is (-229480)/(-60)*(-6)/(-4) composite?
False
Let q be ((-17)/3)/((-1)/3). Let y = 6 + 24. Let l = y - q. Is l composite?
False
Let x(m) = m**2 - m. Let i(d) = -2*d**3 + 2*d - 1. Let b be i(1). Let f be x(b). Suppose 0 = 2*v + f*r - 150, 229 = 3*v - 0*r + 2*r. Is v a prime number?
True
Let t(m) = 1075*m + 436. Is t(19) a composite number?
True
Suppose 3*c = 6*c + 6. Let q be (-51)/(-6)*(460 - c). Suppose j = 5*i - q, -5*j + 783 = 2*i - 777. Is i prime?
False
Suppose -c = n - 33189, 4*n + 6*c - 132736 = 7*c. Is n a prime number?
False
Let l(c) = c**3 + 74. Suppose -3*r = r - 56. Let v = -14 + r. Is l(v) a composite number?
True
Suppose -b + 3*b = 3*l - 14728, -4906 = -l - b. Suppose -38*k = -34*k - l. Is k prime?
False
Suppose 2*v + 4*u + 10 = 0, 3*v + 4*u + 11 = 4. Suppose -476 = -d - v*d. Is d composite?
True
Suppose 2*s + 5*m - 4 = -14, 5*m = -3*s - 10. Suppose -2*f = -3*l - 2*l - 5, l - 1 = s. Let z = 16 - f. Is z a composite number?
False
Let o = -1773 - -3620. Is o prime?
True
Suppose 2 = -q - 4*z + 7, 2*q + 2*z = -2. Let n = 2 - q. Suppose -97 = -p - n*c + 28, p = 4*c + 107. Is p prime?
False
Suppose -3*o - 12661 = -2*v, v - 6327 = -4*o + 2*o. Is v a prime number?
True
Let y(h) = 4*h - 7*h**3 + 21*h**2 + 10*h**3 + 17 - 4*h**3. Is y(16) a composite number?
False
Suppose 3*s + o - 2990 - 588 = 0, 0 = 2*s + o - 2384. Is (5 - 0)/10*s a composite number?
True
Let y(o) = -53*o - 22. Let c be y(-4). Is ((-34)/4)/((-19)/c) prime?
False
Let z(u) = 34*u**2 + 2*u - 5. Let q(c) = 12 - 4 - 6 - c. Let j be q(-1). Is z(j) a composite number?
False
Suppose 0 = 5*o + 8*g - 3*g - 51140, -5*g = 3*o - 30678. Is o composite?
True
Let b = 1937 + 20582. Is b prime?
False
Let t(s) = -1156*s - 59. Is t(-7) a composite number?
True
Suppose -3*s = 15 + 12. Is (-143)/((s/6 + 2)*-2) composite?
True
Is ((-3302)/4 + 45/(-15))*-10 a prime number?
False
Let m = -2547 + 7986. Suppose -a - 5*l = 3*a - m, -3*a = l - 4082. Is a a prime number?
True
Let j = -15 - -15. Let s(l) = -19*l + 50*l + 6 + 5 + j. Is s(8) a composite number?
True
Let q be (12/10)/((-4)/36680). Is 4/(-10) - q/60 a prime number?
False
Let h be (-3 - 0)*(1 - 2). Is 191*(h - -1)/4 a prime number?
True
Let i(v) = 687*v**2 + 10*v - 174. Is i(8) a composite number?
True
Suppose 7 - 25 = -9*w. Is 3*w/(-2) - 2808/(-78) a prime number?
False
Let n(v) = v**2 - 3*v. Let s be n(3). Suppose o + s + 3 = 0. Is o/(-2)*(-444)/(-9) a composite number?
True
Let k(r) = 22*r**3 + r**2 + 2*r - 1. Let h be k(2). Let t = h - 116. Is t prime?
True
Suppose -8*m + 42 = 10. Suppose -4793 = -3*j - q, 0*q + q = m*j - 6386. Is j prime?
True
Suppose -4*z - 1154 = -30. Let v = 206 - z. Is v composite?
False
Let o = -22 + 17. Is o*(-4 + (-2355)/25) a composite number?
False
Suppose 118 = 2*w + x, w + 6*x - 58 = 5*x. Suppose -w*c - 157 = -61*c. Is c composite?
False
Suppose -98*q = -99*q + 1067. Let w = 1588 - q. Is w a prime number?
True
Let a = 4166 + -373. Is a a prime number?
True
Let j be 1 + -2 + -15 + 23. Suppose -30 = j*q - 2*q. Is (-352)/q + 5/15 composite?
False
Let l(r) = 32*r**2 - 2*r - 2. Let n be l(4). Suppose -476 - 322 = -3*q + 3*v, -2*q + n = 4*v. Suppose -d + 4*d = q. Is d composite?
True
Let t(l) = -54*l + 3. Let k = 1 - 9. Let z be t(k). Let m = z + -290. Is m a composite number?
True
Suppose -7 - 11 = -6*o. Let i be o - (5/5 - 64). Let a = 119 - i. Is a a composite number?
False
Let s(a) be the second derivative of a**5/20 + 5*a**4/6 - 4*a**2 - 3*a. Let p be s(-6). Suppose 0 = -d + 3*n + p, 0*n - 4*n = 4*d - 592. Is d a prime number?
False
Suppose 3*m = 318 - 96. Let x = 4 + m. Let k = x + -39. Is k a composite number?
True
Let z(t) = -t - 4. Let u be z(-6). Suppose -2*i - 408 = -3*g + u*g, 3*i = -4*g + 1654. Let y = -269 + g. Is y prime?
False
Suppose 4 = 6*v + 16. Is (-1)/(v/(-4)) - -67 prime?
False
Suppose 0 = q - 4, 18*l - 14*l - 4*q = 134796. Is l a composite number?
False
Suppose -j + 2 = -0*j. Suppose j*k - 2139 = -461. Is k a prime number?
True
Let w(x) = 168*x**3 + 3*x**2 + 23*x - 111. Is w(4) prime?
True
Let s(w) = -64*w - 1. Let r = 13 + -9. Suppose 2*g + 12 = -r*g. Is s(g) a prime number?
True
Let c = -58377 - -105370. Is c a prime number?
True
Let t(j) = 2*j + 21. Let a be t(-9). Suppose 0 = a*y - 8*y + 170. Is y a prime number?
False
Let y(f) = -2*f**2 + 8*